factor of 198 and 44?
22
Calculate the greatest common divisor of 26 and 923.
13
What is the highest common factor of 60 and 570?
30
What is the greatest common factor of 261 and 81?
9
Calculate the greatest common divisor of 304 and 228.
76
Calculate the highest common factor of 5 and 21.
1
What is the highest common divisor of 126300 and 300?
300
What is the greatest common divisor of 7 and 329?
7
What is the highest common factor of 290 and 30?
10
Calculate the greatest common divisor of 5 and 25.
5
Calculate the highest common divisor of 1245 and 90.
15
Calculate the greatest common factor of 304 and 247.
19
What is the greatest common divisor of 18 and 1539?
9
What is the highest common divisor of 115 and 195?
5
Calculate the greatest common factor of 1239 and 294.
21
What is the greatest common divisor of 155 and 527?
31
Calculate the highest common factor of 5454 and 707.
101
What is the highest common factor of 32 and 304?
16
Calculate the greatest common divisor of 320 and 500.
20
What is the greatest common factor of 301 and 7?
7
Calculate the greatest common factor of 25 and 95.
5
What is the highest common factor of 6450 and 172?
86
What is the greatest common factor of 488 and 32?
8
Calculate the highest common divisor of 2247 and 21.
21
What is the highest common divisor of 276 and 12?
12
Calculate the highest common factor of 85 and 17.
17
What is the greatest common factor of 3 and 417?
3
Calculate the greatest common divisor of 189 and 6.
3
Calculate the highest common divisor of 210 and 1344.
42
Calculate the highest common factor of 836 and 2.
2
What is the highest common factor of 224 and 756?
28
Calculate the highest common divisor of 151 and 17214.
151
What is the highest common divisor of 154 and 814?
22
What is the highest common factor of 2640 and 24?
24
What is the highest common divisor of 12 and 27?
3
What is the greatest common factor of 21 and 231?
21
What is the greatest common divisor of 258 and 473?
43
Calculate the highest common factor of 1488 and 186.
186
Calculate the highest common factor of 208 and 272.
16
Calculate the greatest common divisor of 170 and 255.
85
Calculate the greatest common factor of 114 and 1938.
114
Calculate the highest common factor of 663 and 39.
39
What is the greatest common divisor of 512 and 16?
16
Calculate the highest common factor of 1620 and 9.
9
What is the greatest common factor of 30 and 4710?
30
What is the highest common divisor of 234 and 54?
18
Calculate the highest common factor of 332 and 4.
4
Calculate the greatest common factor of 11316 and 36.
12
What is the highest common factor of 3107 and 5497?
239
Calculate the highest common factor of 1917 and 142.
71
What is the greatest common factor of 5145 and 35?
35
Calculate the highest common divisor of 98 and 77.
7
What is the greatest common divisor of 420 and 6860?
140
What is the greatest common divisor of 40 and 1060?
20
What is the greatest common divisor of 3122 and 14?
14
Calculate the greatest common divisor of 132 and 24.
12
Calculate the greatest common factor of 22 and 66.
22
What is the greatest common divisor of 4050 and 2475?
225
Calculate the greatest common divisor of 98 and 1113.
7
Calculate the greatest common factor of 10 and 8.
2
What is the highest common divisor of 226 and 17063?
113
What is the greatest common divisor of 472 and 413?
59
Calculate the highest common divisor of 345 and 138.
69
What is the highest common divisor of 57 and 45201?
57
Calculate the highest common divisor of 10 and 40.
10
What is the greatest common factor of 91 and 7?
7
Calculate the greatest common factor of 917 and 7.
7
Calculate the greatest common divisor of 96 and 8576.
32
What is the greatest common factor of 135 and 4605?
15
What is the greatest common divisor of 812 and 56?
28
What is the greatest common divisor of 984 and 123?
123
What is the greatest common factor of 672 and 288?
96
What is the greatest common divisor of 44 and 374?
22
Calculate the greatest common divisor of 423 and 235.
47
Calculate the greatest common factor of 8484 and 168.
84
Calculate the greatest common factor of 294 and 154.
14
Calculate the greatest common divisor of 740 and 592.
148
What is the highest common factor of 108 and 8154?
54
What is the greatest common factor of 14 and 20?
2
What is the greatest common divisor of 122 and 2379?
61
What is the highest common divisor of 836 and 38?
38
Calculate the greatest common factor of 303 and 30.
3
What is the highest common divisor of 34 and 8?
2
What is the highest common divisor of 25 and 15?
5
What is the highest common divisor of 24 and 144?
24
What is the highest common divisor of 16 and 2032?
16
Calculate the greatest common divisor of 9 and 72.
9
Calculate the highest common divisor of 11835 and 263.
263
What is the highest common factor of 12559 and 19?
19
Calculate the greatest common factor of 148 and 222.
74
Calculate the highest common factor of 46 and 138.
46
Calculate the highest common factor of 875 and 325.
25
What is the greatest common divisor of 9 and 105?
3
Calculate the highest common divisor of 3590 and 10.
10
Calculate the greatest common divisor of 242 and 220.
22
What is the greatest common divisor of 54 and 648?
54
Calculate the highest common divisor of 26 and 1586.
26
What is the highest common divisor of 836 and 8569?
209
Calculate the highest common divisor of 550 and 275.
275
What is the greatest common factor of 8 and 516?
4
What is the highest common divisor of 19 and 893?
19
Calculate the greatest common divisor of 32 and 29.
1
Calculate the highest common divisor of 475 and 25.
25
Calculate the greatest common factor of 220 and 300.
20
What is the greatest common divisor of 399 and 266?
133
Calculate the greatest common divisor of 104 and 5552.
8
What is the highest common divisor of 42 and 462?
42
Calculate the highest common factor of 130 and 30.
10
Calculate the highest common divisor of 22 and 5.
1
What is the greatest common divisor of 2921 and 2286?
127
What is the highest common factor of 1 and 3519?
1
What is the highest common divisor of 1 and 1087?
1
Calculate the highest common divisor of 9971 and 13.
13
What is the greatest common divisor of 714 and 126?
42
Calculate the greatest common factor of 815 and 326.
163
What is the highest common divisor of 180 and 570?
30
What is the highest common factor of 32 and 800?
32
What is the greatest common divisor of 14 and 203098?
14
Calculate the highest common divisor of 22286 and 88.
22
Calculate the greatest common factor of 6 and 17.
1
What is the highest common factor of 9800 and 200?
200
What is the highest common factor of 57 and 1007?
19
Calculate the greatest common divisor of 41 and 246.
41
Calculate the greatest common factor of 88 and 297.
11
Calculate the greatest common factor of 90 and 120.
30
What is the highest common factor of 1599 and 205?
41
Calculate the highest common divisor of 1320 and 1000.
40
What is the highest common factor of 21073 and 13?
13
What is the highest common factor of 475 and 1710?
95
What is the highest common factor of 152 and 342?
38
What is the highest common divisor of 10 and 1030?
10
What is the highest common factor of 6 and 54?
6
Calculate the highest common factor of 295 and 5605.
295
What is the highest common factor of 616 and 3668?
28
Calculate the highest common factor of 11 and 9977.
11
Calculate the greatest common divisor of 256 and 52.
4
What is the highest common divisor of 918 and 54?
54
What is the highest common factor of 1269 and 47?
47
Calculate the greatest common divisor of 1550 and 2650.
50
Calculate the highest common divisor of 72870 and 14.
14
Calculate the greatest common factor of 7584 and 176.
16
What is the highest common divisor of 18 and 192?
6
What is the greatest common divisor of 297 and 33?
33
Calculate the highest common factor of 21 and 119.
7
What is the greatest common factor of 11 and 66?
11
Calculate the highest common factor of 10650 and 25.
25
Calculate the greatest common factor of 100 and 2060.
20
Calculate the greatest common divisor of 445 and 5429.
89
Calculate the greatest common factor of 98 and 2240.
14
Calculate the highest common divisor of 22 and 22.
22
What is the greatest common factor of 674 